 is the tens digit of 655511577?
7
What is the tens digit of 4446341?
4
What is the ten thousands digit of 323354298?
5
What is the ten millions digit of 25455022?
2
What is the hundreds digit of 9111015?
0
What is the hundred thousands digit of 35137442?
1
What is the billions digit of 4433585465?
4
What is the hundreds digit of 592192927?
9
What is the hundred thousands digit of 102286268?
2
What is the ten millions digit of 6709301744?
0
What is the hundred thousands digit of 298439980?
4
What is the ten millions digit of 221021819?
2
What is the ten thousands digit of 247498215?
9
What is the hundreds digit of 6311204021?
0
What is the millions digit of 246131091?
6
What is the tens digit of 20114069?
6
What is the thousands digit of 157797713?
7
What is the hundred millions digit of 280729510?
2
What is the units digit of 3978004?
4
What is the millions digit of 139387059?
9
What is the tens digit of 27454670?
7
What is the ten millions digit of 213553565?
1
What is the tens digit of 939504458?
5
What is the thousands digit of 101684631?
4
What is the hundred thousands digit of 1346809547?
8
What is the hundreds digit of 21250489?
4
What is the ten millions digit of 836606929?
3
What is the thousands digit of 621970787?
0
What is the hundred thousands digit of 557361063?
3
What is the hundreds digit of 310270901?
9
What is the units digit of 23565317?
7
What is the ten millions digit of 78020046?
7
What is the millions digit of 18043209?
8
What is the millions digit of 1189000546?
9
What is the units digit of 335837932?
2
What is the ten thousands digit of 626863832?
6
What is the tens digit of 36222634?
3
What is the thousands digit of 311141658?
1
What is the tens digit of 502072765?
6
What is the ten millions digit of 3440030576?
4
What is the ten millions digit of 292843119?
9
What is the hundreds digit of 15539477?
4
What is the tens digit of 6814020?
2
What is the thousands digit of 4717049747?
9
What is the tens digit of 240123896?
9
What is the ten thousands digit of 158169961?
6
What is the hundreds digit of 40638995?
9
What is the ten millions digit of 267952338?
6
What is the millions digit of 87051369?
7
What is the ten millions digit of 1661143079?
6
What is the hundreds digit of 725602341?
3
What is the hundreds digit of 117520802?
8
What is the hundreds digit of 2156599165?
1
What is the units digit of 50911381?
1
What is the hundreds digit of 254547415?
4
What is the ten thousands digit of 1217185253?
8
What is the thousands digit of 129146967?
6
What is the millions digit of 23806522?
3
What is the tens digit of 44816026?
2
What is the millions digit of 1060726534?
0
What is the ten thousands digit of 49217054?
1
What is the millions digit of 2119611703?
9
What is the hundreds digit of 82787621?
6
What is the tens digit of 93501966?
6
What is the tens digit of 2001758265?
6
What is the hundreds digit of 4790851465?
4
What is the hundred thousands digit of 153680410?
6
What is the hundred millions digit of 4660651189?
6
What is the hundreds digit of 53001359?
3
What is the units digit of 52006062?
2
What is the ten millions digit of 1333449777?
3
What is the millions digit of 739002747?
9
What is the thousands digit of 23664580?
4
What is the thousands digit of 2416813875?
3
What is the hundreds digit of 113498015?
0
What is the millions digit of 32410389?
2
What is the thousands digit of 865883935?
3
What is the hundred thousands digit of 646782679?
7
What is the ten thousands digit of 5933524?
3
What is the thousands digit of 17686813?
6
What is the hundreds digit of 361064805?
8
What is the tens digit of 110385897?
9
What is the thousands digit of 88480932?
0
What is the hundred thousands digit of 13371828?
3
What is the units digit of 622145192?
2
What is the hundred thousands digit of 1029127268?
1
What is the ten thousands digit of 109819161?
1
What is the millions digit of 159761557?
9
What is the units digit of 185022778?
8
What is the units digit of 41890680?
0
What is the units digit of 105256859?
9
What is the hundred millions digit of 106945855?
1
What is the millions digit of 693085334?
3
What is the hundred thousands digit of 41392183?
3
What is the thousands digit of 3670375293?
5
What is the ten thousands digit of 5134512?
3
What is the tens digit of 3762421?
2
What is the thousands digit of 49670435?
0
What is the hundreds digit of 1286397255?
2
What is the millions digit of 154648230?
4
What is the thousands digit of 415491887?
1
What is the tens digit of 1934227466?
6
What is the thousands digit of 292214944?
4
What is the tens digit of 776180398?
9
What is the thousands digit of 307201814?
1
What is the units digit of 13657092?
2
What is the units digit of 157051882?
2
What is the ten thousands digit of 156831144?
3
What is the hundred millions digit of 832165055?
8
What is the millions digit of 151894042?
1
What is the ten millions digit of 2468714752?
6
What is the ten millions digit of 1934253712?
3
What is the hundreds digit of 43043147?
1
What is the hundred thousands digit of 1453956306?
9
What is the hundred thousands digit of 1664879414?
8
What is the units digit of 33725404?
4
What is the millions digit of 49683719?
9
What is the thousands digit of 100026739?
6
What is the hundreds digit of 348479640?
6
What is the hundred millions digit of 313610068?
3
What is the thousands digit of 624163457?
3
What is the ten thousands digit of 60579064?
7
What is the millions digit of 82500305?
2
What is the hundreds digit of 50403809?
8
What is the hundred thousands digit of 211842857?
8
What is the thousands digit of 95130190?
0
What is the ten millions digit of 16524107?
1
What is the millions digit of 179580657?
9
What is the billions digit of 5417926397?
5
What is the ten millions digit of 50283857?
5
What is the hundreds digit of 310375902?
9
What is the tens digit of 2971885752?
5
What is the hundreds digit of 61923606?
6
What is the tens digit of 132866901?
0
What is the units digit of 709575743?
3
What is the hundreds digit of 26781851?
8
What is the hundred millions digit of 420413005?
4
What is the millions digit of 105652051?
5
What is the hundreds digit of 42950791?
7
What is the units digit of 42367236?
6
What is the tens digit of 373523683?
8
What is the hundred thousands digit of 1500515477?
5
What is the ten millions digit of 1482385756?
8
What is the ten millions digit of 73174628?
7
What is the hundred thousands digit of 40324918?
3
What is the tens digit of 2521839013?
1
What is the ten millions digit of 85391764?
8
What is the millions digit of 1097734134?
7
What is the hundred millions digit of 136821628?
1
What is the ten millions digit of 606057765?
0
What is the ten millions digit of 33256700?
3
What is the hundred thousands digit of 3377433382?
4
What is the units digit of 78262097?
7
What is the millions digit of 57364834?
7
What is the hundred millions digit of 108533479?
1
What is the billions digit of 1014278892?
1
What is the ten thousands digit of 1133204357?
0
What is the millions digit of 1854495?
1
What is the hundreds digit of 73685646?
6
What is the ten thousands digit of 451123385?
2
What is the units digit of 43124914?
4
What is the billions digit of 1263921284?
1
What is the thousands digit of 238266718?
6
What is the ten millions digit of 205457473?
0
What is the billions digit of 1273622054?
1
What is the ten thousands digit of 5033332102?
3
What is the hundreds digit of 45937430?
4
What is the millions digit of 29745962?
9
What is the hundreds digit of 2924369429?
4
What is the tens digit of 235581948?
4
What is the hundreds digit of 5217339454?
4
What is the ten millions digit of 410339490?
1
What is the units digit of 80791314?
4
What is the hundreds digit of 43673140?
1
What is the units digit of 538082695?
5
What is the thousands digit of 271276902?
6
What is the hundreds digit of 7363531?
5
What is the hundred millions digit of 276552303?
2
What is the hundred millions digit of 321610272?
3
What is the millions digit of 21516093?
1
What is the hundred thousands digit of 93418695?
4
What is the ten thousands digit of 3343780260?
8
What is the tens digit of 66039812?
1
What is the hundred millions digit of 7032359663?
0
What is the units digit of 248742228?